{"id":91,"date":"2023-04-26T00:47:14","date_gmt":"2023-04-25T23:47:14","guid":{"rendered":"http:\/\/mj-energy.pl\/?page_id=91"},"modified":"2024-10-29T14:17:18","modified_gmt":"2024-10-29T13:17:18","slug":"sunrain-bln-012tc3","status":"publish","type":"page","link":"https:\/\/mj-energy.pl\/index.php\/sunrain-bln-012tc3\/","title":{"rendered":"Solareast BLN-012TC3"},"content":{"rendered":"\n<p>Cena brutto: 15500 PLN (VAT 23%)<\/p>\n\n\n\n<p>Pompa ciep\u0142a propanowa (czynnik R290) chi\u0144skiego producenta Solareast (top 3 producent\u00f3w pomp ciep\u0142a).<\/p>\n\n\n\n<p>Pompy s\u0105 wyposa\u017cone w czynnik R290 dzi\u0119ki czemu pracuj\u0105 do -25 oC bez dodatkowego wspomagania grza\u0142k\u0105 elektryczn\u0105. Jeste\u015bmy bezpo\u015brednim importerem i jednocze\u015bnie oferujemy serwis gwarancyjny i pogwarancyjny sprzedawanych pomp.<\/p>\n\n\n\n<p>Dane techniczne:<\/p>\n\n\n\n<figure class=\"wp-block-table\"><table><tbody><tr><td colspan=\"2\">Model<\/td><td>&nbsp;<\/td><td>BLN-012TC3<\/td><\/tr><tr><td colspan=\"2\">Napi\u0119cie\/cz\u0119stotliwos\u0107 nominalna<\/td><td>&nbsp;<\/td><td>380-415V\/3N~\/50Hz<\/td><\/tr><tr><td rowspan=\"3\">Grzanie\u00b9<\/td><td>Moc grzewcza<\/td><td>kW<\/td><td>4.30-15.20<\/td><\/tr><tr><td>Moc wej\u015bciowa<\/td><td>kW<\/td><td>0.87-3.73<\/td><\/tr><tr><td>Pr\u0105d wej\u015bciwy<\/td><td>A<\/td><td>1.78-6.04<\/td><\/tr><tr><td rowspan=\"3\">Grzanie\u00b2<\/td><td>Moc grzewcza<\/td><td>kW<\/td><td>4.25-14.55<\/td><\/tr><tr><td>Moc wej\u015bciowa<\/td><td>kW<\/td><td>1.45-4.28<\/td><\/tr><tr><td>Pr\u0105d wej\u015bciwy<\/td><td>A<\/td><td>2.84-6.78<\/td><\/tr><tr><td rowspan=\"3\">Ch\u0142odzenie<\/td><td>Moc ch\u0142odnicza<\/td><td>kW<\/td><td>3.65-11.04<\/td><\/tr><tr><td>Moc wej\u015bciowa<\/td><td>kW<\/td><td>1.12-3.97<\/td><\/tr><tr><td>Pr\u0105d wej\u015bciwy<\/td><td>A<\/td><td>1.97-6.30<\/td><\/tr><tr><td colspan=\"2\">SCOP (Dla wody 35\u2103)<\/td><td>&nbsp;<\/td><td>4.9<\/td><\/tr><tr><td colspan=\"2\">SCOP (Dla wody 55\u2103)<\/td><td>&nbsp;<\/td><td>3.86<\/td><\/tr><tr><td colspan=\"2\">Nominalna moc wej\u015bciowa<\/td><td>kW<\/td><td>5.85<\/td><\/tr><tr><td colspan=\"2\">Nominalny pr\u0105d wej\u015bciowy<\/td><td>A<\/td><td>10<\/td><\/tr><tr><td colspan=\"2\">Czynnik ch\u0142odniczy<\/td><td>&#8230;\/kg<\/td><td>R290\/0.9\/3<\/td><\/tr><tr><td colspan=\"2\">Ekwiwalent CO<sub>2&nbsp;<\/sub><\/td><td>\/<\/td><td>0.0027t<\/td><\/tr><tr><td colspan=\"2\">Ci\u015bnienie pracy (Low Side)<\/td><td>MPa<\/td><td>0.8<\/td><\/tr><tr><td colspan=\"2\">Ci\u015bnienie pracy(High Side)<\/td><td>MPa<\/td><td>3.0<\/td><\/tr><tr><td colspan=\"2\">Maksymalne dopuszczalne ci\u015bnienie<\/td><td>MPa<\/td><td>3.0<\/td><\/tr><tr><td colspan=\"2\">Zabezpieczenie przeciwpora\u017ceniowe<\/td><td>\/<\/td><td>I<\/td><\/tr><tr><td colspan=\"2\">Klasa szczelno\u015bci IP<\/td><td>\/<\/td><td>IPX4<\/td><\/tr><tr><td colspan=\"2\">Maksymalna temperatura wody<\/td><td>\u2103<\/td><td>75<\/td><\/tr><tr><td colspan=\"2\">Temperatura otoczenia<\/td><td>\u2103<\/td><td>-25~45<\/td><\/tr><tr><td colspan=\"2\">Rozmiar przy\u0142\u0105cza wody<\/td><td>inch<\/td><td>G1<\/td><\/tr><tr><td colspan=\"2\">Nominalny przep\u0142yw wody<\/td><td>m\u00b3\/h<\/td><td>2.06<\/td><\/tr><tr><td colspan=\"2\">Spadek ci\u015bnienia wody<\/td><td>kPa<\/td><td>20<\/td><\/tr><tr><td colspan=\"2\">Min\/Max Ci\u015bnienie wody<\/td><td>MPa<\/td><td>0.1\/0.3<\/td><\/tr><tr><td colspan=\"2\">Poziom g\u0142o\u015bno\u015bci<\/td><td>dB(A)<\/td><td>50<\/td><\/tr><tr><td colspan=\"2\">Wymiary ( L\u00d7W\u00d7H )<\/td><td>mm<\/td><td>1287\u00d7448\u00d7904<\/td><\/tr><tr><td colspan=\"2\">Waga<\/td><td>kg<\/td><td>123<\/td><\/tr><\/tbody><\/table><\/figure>\n\n\n\n<p>Nominalne warunki testowe:<br \/>Grzanie\u00b9: Temperatura otoczenia 7\u2103\/6\u2103(DB\/WB),Woda-wej\u015bcie\/Woda-wyj\u015bcie 30\u2103\/35\u2103<br \/>Grzanie\u00b2: Temperatura otoczenia 7\u2103\/6\u2103(DB\/WB),Woda-wej\u015bcie\/Woda-wyj\u015bcie 47\u2103\/55\u2103<br \/>Ch\u0142odzenie: Temperatura otoczenia 35\u2103\/24\u2103(DB\/WB), Woda-wej\u015bcie\/Woda-wyj\u015bcie 12\u2103\/7\u2103<\/p>\n\n\n\n<div class=\"wp-block-file\"><a id=\"wp-block-file--media-0c0be996-cc45-4574-a5e2-1ca2d73be227\" href=\"https:\/\/mj-energy.pl\/wp-content\/uploads\/2024\/01\/Dokumentacja-techniczna-parametry-BLN-012TC3.pdf\">Dokumentacja techniczna parametry BLN-012TC3<\/a><a href=\"https:\/\/mj-energy.pl\/wp-content\/uploads\/2024\/01\/Dokumentacja-techniczna-parametry-BLN-012TC3.pdf\" class=\"wp-block-file__button wp-element-button\" download aria-describedby=\"wp-block-file--media-0c0be996-cc45-4574-a5e2-1ca2d73be227\">Pobierz<\/a><\/div>\n\n\n\n<div class=\"wp-block-file\"><a id=\"wp-block-file--media-94c08489-e068-4add-abd5-682940915f7e\" href=\"https:\/\/mj-energy.pl\/wp-content\/uploads\/2024\/01\/Karta-produktu-BLN-012TC3.pdf\">Karta produktu BLN-012TC3<\/a><a href=\"https:\/\/mj-energy.pl\/wp-content\/uploads\/2024\/01\/Karta-produktu-BLN-012TC3.pdf\" class=\"wp-block-file__button wp-element-button\" download aria-describedby=\"wp-block-file--media-94c08489-e068-4add-abd5-682940915f7e\">Pobierz<\/a><\/div>\n\n\n\n<div class=\"wp-block-file\"><a id=\"wp-block-file--media-294f65a5-5980-435b-afc2-5644a7293201\" href=\"https:\/\/mj-energy.pl\/wp-content\/uploads\/2023\/04\/12KWR290COP-performance-curve.pdf\">12KWR290COP-performance-curve<\/a><a href=\"https:\/\/mj-energy.pl\/wp-content\/uploads\/2023\/04\/12KWR290COP-performance-curve.pdf\" class=\"wp-block-file__button wp-element-button\" download aria-describedby=\"wp-block-file--media-294f65a5-5980-435b-afc2-5644a7293201\">Pobierz<\/a><\/div>\n\n\n\n<div class=\"wp-block-file\"><a id=\"wp-block-file--media-294f65a5-5980-435b-afc2-5644a7293201\" href=\"https:\/\/mj-energy.pl\/wp-content\/uploads\/2023\/11\/Test-report-2023-ERP-report-for-R290-12kw.pdf\">Test-report-2023-ERP-report-for-R290-12kw<\/a><a href=\"https:\/\/mj-energy.pl\/wp-content\/uploads\/2023\/11\/Test-report-2023-ERP-report-for-R290-12kw.pdf\" class=\"wp-block-file__button wp-element-button\" download aria-describedby=\"wp-block-file--media-294f65a5-5980-435b-afc2-5644a7293201\">Pobierz<\/a><\/div>\n\n\n\n<div class=\"wp-block-file\"><a id=\"wp-block-file--media-0759ffa5-0039-433b-9508-0fa0f365c51d\" href=\"https:\/\/mj-energy.pl\/wp-content\/uploads\/2024\/01\/Pompa-ciepla-Sunrain-SolarEast-Instrukcja-Obslugi.pdf\">Pompa ciepla SolarEast Instrukcja Obslugi<\/a><a href=\"https:\/\/mj-energy.pl\/wp-content\/uploads\/2024\/01\/Pompa-ciepla-Sunrain-SolarEast-Instrukcja-Obslugi.pdf\" class=\"wp-block-file__button wp-element-button\" download aria-describedby=\"wp-block-file--media-0759ffa5-0039-433b-9508-0fa0f365c51d\">Pobierz<\/a><\/div>\n\n\n\n<div class=\"wp-block-file\"><a id=\"wp-block-file--media-0c0be996-cc45-4574-a5e2-1ca2d73be227\" href=\"https:\/\/mj-energy.pl\/wp-content\/uploads\/2023\/04\/INTELLIGENT-HEAT-PUMP-PROCESS-MONITORING-SYSTEM-1.docx\">INTELLIGENT-HEAT-PUMP-PROCESS-MONITORING-SYSTEM-1<\/a><a href=\"https:\/\/mj-energy.pl\/wp-content\/uploads\/2023\/04\/INTELLIGENT-HEAT-PUMP-PROCESS-MONITORING-SYSTEM-1.docx\" class=\"wp-block-file__button wp-element-button\" download aria-describedby=\"wp-block-file--media-0c0be996-cc45-4574-a5e2-1ca2d73be227\">Pobierz<\/a><\/div>\n\n\n\n<figure class=\"wp-block-embed is-type-video is-provider-youtube wp-block-embed-youtube wp-embed-aspect-16-9 wp-has-aspect-ratio\"><div class=\"wp-block-embed__wrapper\">\n<iframe title=\"Solareast R290 DC Inverter Monoblock Air To Water Heat Pump &amp; Water Tank with Hydro Module\" width=\"640\" height=\"360\" src=\"https:\/\/www.youtube.com\/embed\/oQ5qsgQ-AgI?feature=oembed\" frameborder=\"0\" allow=\"accelerometer; autoplay; clipboard-write; encrypted-media; gyroscope; picture-in-picture; web-share\" referrerpolicy=\"strict-origin-when-cross-origin\" allowfullscreen><\/iframe>\n<\/div><\/figure>\n\n\n\n<figure class=\"wp-block-image size-full\"><img fetchpriority=\"high\" decoding=\"async\" width=\"800\" height=\"800\" src=\"https:\/\/mj-energy.pl\/wp-content\/uploads\/2023\/04\/1669108081.png\" alt=\"\" class=\"wp-image-30\" srcset=\"https:\/\/mj-energy.pl\/wp-content\/uploads\/2023\/04\/1669108081.png 800w, https:\/\/mj-energy.pl\/wp-content\/uploads\/2023\/04\/1669108081-300x300.png 300w, https:\/\/mj-energy.pl\/wp-content\/uploads\/2023\/04\/1669108081-100x100.png 100w, https:\/\/mj-energy.pl\/wp-content\/uploads\/2023\/04\/1669108081-600x600.png 600w, https:\/\/mj-energy.pl\/wp-content\/uploads\/2023\/04\/1669108081-150x150.png 150w, https:\/\/mj-energy.pl\/wp-content\/uploads\/2023\/04\/1669108081-768x768.png 768w\" sizes=\"(max-width: 800px) 100vw, 800px\" \/><\/figure>\n\n\n\n<figure class=\"wp-block-image size-full\"><img decoding=\"async\" width=\"800\" height=\"800\" src=\"https:\/\/mj-energy.pl\/wp-content\/uploads\/2023\/04\/1668765999.png\" alt=\"\" class=\"wp-image-33\" srcset=\"https:\/\/mj-energy.pl\/wp-content\/uploads\/2023\/04\/1668765999.png 800w, https:\/\/mj-energy.pl\/wp-content\/uploads\/2023\/04\/1668765999-300x300.png 300w, https:\/\/mj-energy.pl\/wp-content\/uploads\/2023\/04\/1668765999-100x100.png 100w, https:\/\/mj-energy.pl\/wp-content\/uploads\/2023\/04\/1668765999-600x600.png 600w, https:\/\/mj-energy.pl\/wp-content\/uploads\/2023\/04\/1668765999-150x150.png 150w, https:\/\/mj-energy.pl\/wp-content\/uploads\/2023\/04\/1668765999-768x768.png 768w\" sizes=\"(max-width: 800px) 100vw, 800px\" \/><\/figure>\n\n\n\n<figure class=\"wp-block-image size-full\"><img decoding=\"async\" width=\"800\" height=\"800\" src=\"https:\/\/mj-energy.pl\/wp-content\/uploads\/2023\/04\/1668766069.png\" alt=\"\" class=\"wp-image-32\" srcset=\"https:\/\/mj-energy.pl\/wp-content\/uploads\/2023\/04\/1668766069.png 800w, https:\/\/mj-energy.pl\/wp-content\/uploads\/2023\/04\/1668766069-300x300.png 300w, https:\/\/mj-energy.pl\/wp-content\/uploads\/2023\/04\/1668766069-100x100.png 100w, https:\/\/mj-energy.pl\/wp-content\/uploads\/2023\/04\/1668766069-600x600.png 600w, https:\/\/mj-energy.pl\/wp-content\/uploads\/2023\/04\/1668766069-150x150.png 150w, https:\/\/mj-energy.pl\/wp-content\/uploads\/2023\/04\/1668766069-768x768.png 768w\" sizes=\"(max-width: 800px) 100vw, 800px\" \/><\/figure>\n","protected":false},"excerpt":{"rendered":"<p>Cena brutto: 15500 PLN (VAT 23%) Pompa ciep\u0142a propanowa (czynnik R290) chi\u0144skiego producenta Solareast (top 3 producent\u00f3w pomp ciep\u0142a). Pompy s\u0105 [&hellip;]<\/p>\n","protected":false},"author":1,"featured_media":30,"parent":0,"menu_order":0,"comment_status":"closed","ping_status":"closed","template":"","meta":{"om_disable_all_campaigns":false,"_monsterinsights_skip_tracking":false,"_monsterinsights_sitenote_active":false,"_monsterinsights_sitenote_note":"","_monsterinsights_sitenote_category":0,"footnotes":""},"class_list":["post-91","page","type-page","status-publish","has-post-thumbnail","hentry"],"yoast_head":"<!-- This site is optimized with the Yoast SEO plugin v27.3 - https:\/\/yoast.com\/product\/yoast-seo-wordpress\/ -->\n<title>Solareast BLN-012TC3 - MJ ENERGY<\/title>\n<meta name=\"description\" content=\"Pompa ciep\u0142a Sunrain BLN-012TC3, R290 propan, ekologiczna, 16480 PLN brutto, polska gwarancja 2 lata. Certyfikat CE, ERP. Wykresy COP, certyfikat TUV.\" \/>\n<meta name=\"robots\" content=\"index, follow, max-snippet:-1, max-image-preview:large, max-video-preview:-1\" \/>\n<link rel=\"canonical\" href=\"https:\/\/mj-energy.pl\/index.php\/sunrain-bln-012tc3\/\" \/>\n<meta property=\"og:locale\" content=\"pl_PL\" \/>\n<meta property=\"og:type\" content=\"article\" \/>\n<meta property=\"og:title\" content=\"Solareast BLN-012TC3 - MJ ENERGY\" \/>\n<meta property=\"og:description\" content=\"Pompa ciep\u0142a Sunrain BLN-012TC3, R290 propan, ekologiczna, 16480 PLN brutto, polska gwarancja 2 lata. Certyfikat CE, ERP. Wykresy COP, certyfikat TUV.\" \/>\n<meta property=\"og:url\" content=\"https:\/\/mj-energy.pl\/index.php\/sunrain-bln-012tc3\/\" \/>\n<meta property=\"og:site_name\" content=\"MJ ENERGY\" \/>\n<meta property=\"article:modified_time\" content=\"2024-10-29T13:17:18+00:00\" \/>\n<meta property=\"og:image\" content=\"https:\/\/mj-energy.pl\/wp-content\/uploads\/2023\/04\/1669108081.png\" \/>\n\t<meta property=\"og:image:width\" content=\"800\" \/>\n\t<meta property=\"og:image:height\" content=\"800\" \/>\n\t<meta property=\"og:image:type\" content=\"image\/png\" \/>\n<meta name=\"twitter:card\" content=\"summary_large_image\" \/>\n<meta name=\"twitter:label1\" content=\"Szacowany czas czytania\" \/>\n\t<meta name=\"twitter:data1\" content=\"3 minuty\" \/>\n<script type=\"application\/ld+json\" class=\"yoast-schema-graph\">{\"@context\":\"https:\\\/\\\/schema.org\",\"@graph\":[{\"@type\":\"WebPage\",\"@id\":\"https:\\\/\\\/mj-energy.pl\\\/index.php\\\/sunrain-bln-012tc3\\\/\",\"url\":\"https:\\\/\\\/mj-energy.pl\\\/index.php\\\/sunrain-bln-012tc3\\\/\",\"name\":\"Solareast BLN-012TC3 - MJ ENERGY\",\"isPartOf\":{\"@id\":\"https:\\\/\\\/mj-energy.pl\\\/#website\"},\"primaryImageOfPage\":{\"@id\":\"https:\\\/\\\/mj-energy.pl\\\/index.php\\\/sunrain-bln-012tc3\\\/#primaryimage\"},\"image\":{\"@id\":\"https:\\\/\\\/mj-energy.pl\\\/index.php\\\/sunrain-bln-012tc3\\\/#primaryimage\"},\"thumbnailUrl\":\"https:\\\/\\\/mj-energy.pl\\\/wp-content\\\/uploads\\\/2023\\\/04\\\/1669108081.png\",\"datePublished\":\"2023-04-25T23:47:14+00:00\",\"dateModified\":\"2024-10-29T13:17:18+00:00\",\"description\":\"Pompa ciep\u0142a Sunrain BLN-012TC3, R290 propan, ekologiczna, 16480 PLN brutto, polska gwarancja 2 lata. Certyfikat CE, ERP. Wykresy COP, certyfikat TUV.\",\"breadcrumb\":{\"@id\":\"https:\\\/\\\/mj-energy.pl\\\/index.php\\\/sunrain-bln-012tc3\\\/#breadcrumb\"},\"inLanguage\":\"pl-PL\",\"potentialAction\":[{\"@type\":\"ReadAction\",\"target\":[\"https:\\\/\\\/mj-energy.pl\\\/index.php\\\/sunrain-bln-012tc3\\\/\"]}]},{\"@type\":\"ImageObject\",\"inLanguage\":\"pl-PL\",\"@id\":\"https:\\\/\\\/mj-energy.pl\\\/index.php\\\/sunrain-bln-012tc3\\\/#primaryimage\",\"url\":\"https:\\\/\\\/mj-energy.pl\\\/wp-content\\\/uploads\\\/2023\\\/04\\\/1669108081.png\",\"contentUrl\":\"https:\\\/\\\/mj-energy.pl\\\/wp-content\\\/uploads\\\/2023\\\/04\\\/1669108081.png\",\"width\":800,\"height\":800},{\"@type\":\"BreadcrumbList\",\"@id\":\"https:\\\/\\\/mj-energy.pl\\\/index.php\\\/sunrain-bln-012tc3\\\/#breadcrumb\",\"itemListElement\":[{\"@type\":\"ListItem\",\"position\":1,\"name\":\"Strona g\u0142\u00f3wna\",\"item\":\"https:\\\/\\\/mj-energy.pl\\\/\"},{\"@type\":\"ListItem\",\"position\":2,\"name\":\"Solareast BLN-012TC3\"}]},{\"@type\":\"WebSite\",\"@id\":\"https:\\\/\\\/mj-energy.pl\\\/#website\",\"url\":\"https:\\\/\\\/mj-energy.pl\\\/\",\"name\":\"MJ ENERGY\",\"description\":\"Release your energy \",\"publisher\":{\"@id\":\"https:\\\/\\\/mj-energy.pl\\\/#organization\"},\"potentialAction\":[{\"@type\":\"SearchAction\",\"target\":{\"@type\":\"EntryPoint\",\"urlTemplate\":\"https:\\\/\\\/mj-energy.pl\\\/?s={search_term_string}\"},\"query-input\":{\"@type\":\"PropertyValueSpecification\",\"valueRequired\":true,\"valueName\":\"search_term_string\"}}],\"inLanguage\":\"pl-PL\"},{\"@type\":\"Organization\",\"@id\":\"https:\\\/\\\/mj-energy.pl\\\/#organization\",\"name\":\"MJ ENERGY\",\"url\":\"https:\\\/\\\/mj-energy.pl\\\/\",\"logo\":{\"@type\":\"ImageObject\",\"inLanguage\":\"pl-PL\",\"@id\":\"https:\\\/\\\/mj-energy.pl\\\/#\\\/schema\\\/logo\\\/image\\\/\",\"url\":\"https:\\\/\\\/mj-energy.pl\\\/wp-content\\\/uploads\\\/2023\\\/04\\\/cropped-MJ-Energy-logo-2-2.png\",\"contentUrl\":\"https:\\\/\\\/mj-energy.pl\\\/wp-content\\\/uploads\\\/2023\\\/04\\\/cropped-MJ-Energy-logo-2-2.png\",\"width\":260,\"height\":164,\"caption\":\"MJ ENERGY\"},\"image\":{\"@id\":\"https:\\\/\\\/mj-energy.pl\\\/#\\\/schema\\\/logo\\\/image\\\/\"}}]}<\/script>\n<!-- \/ Yoast SEO plugin. -->","yoast_head_json":{"title":"Solareast BLN-012TC3 - MJ ENERGY","description":"Pompa ciep\u0142a Sunrain BLN-012TC3, R290 propan, ekologiczna, 16480 PLN brutto, polska gwarancja 2 lata. Certyfikat CE, ERP. Wykresy COP, certyfikat TUV.","robots":{"index":"index","follow":"follow","max-snippet":"max-snippet:-1","max-image-preview":"max-image-preview:large","max-video-preview":"max-video-preview:-1"},"canonical":"https:\/\/mj-energy.pl\/index.php\/sunrain-bln-012tc3\/","og_locale":"pl_PL","og_type":"article","og_title":"Solareast BLN-012TC3 - MJ ENERGY","og_description":"Pompa ciep\u0142a Sunrain BLN-012TC3, R290 propan, ekologiczna, 16480 PLN brutto, polska gwarancja 2 lata. Certyfikat CE, ERP. Wykresy COP, certyfikat TUV.","og_url":"https:\/\/mj-energy.pl\/index.php\/sunrain-bln-012tc3\/","og_site_name":"MJ ENERGY","article_modified_time":"2024-10-29T13:17:18+00:00","og_image":[{"width":800,"height":800,"url":"https:\/\/mj-energy.pl\/wp-content\/uploads\/2023\/04\/1669108081.png","type":"image\/png"}],"twitter_card":"summary_large_image","twitter_misc":{"Szacowany czas czytania":"3 minuty"},"schema":{"@context":"https:\/\/schema.org","@graph":[{"@type":"WebPage","@id":"https:\/\/mj-energy.pl\/index.php\/sunrain-bln-012tc3\/","url":"https:\/\/mj-energy.pl\/index.php\/sunrain-bln-012tc3\/","name":"Solareast BLN-012TC3 - MJ ENERGY","isPartOf":{"@id":"https:\/\/mj-energy.pl\/#website"},"primaryImageOfPage":{"@id":"https:\/\/mj-energy.pl\/index.php\/sunrain-bln-012tc3\/#primaryimage"},"image":{"@id":"https:\/\/mj-energy.pl\/index.php\/sunrain-bln-012tc3\/#primaryimage"},"thumbnailUrl":"https:\/\/mj-energy.pl\/wp-content\/uploads\/2023\/04\/1669108081.png","datePublished":"2023-04-25T23:47:14+00:00","dateModified":"2024-10-29T13:17:18+00:00","description":"Pompa ciep\u0142a Sunrain BLN-012TC3, R290 propan, ekologiczna, 16480 PLN brutto, polska gwarancja 2 lata. Certyfikat CE, ERP. Wykresy COP, certyfikat TUV.","breadcrumb":{"@id":"https:\/\/mj-energy.pl\/index.php\/sunrain-bln-012tc3\/#breadcrumb"},"inLanguage":"pl-PL","potentialAction":[{"@type":"ReadAction","target":["https:\/\/mj-energy.pl\/index.php\/sunrain-bln-012tc3\/"]}]},{"@type":"ImageObject","inLanguage":"pl-PL","@id":"https:\/\/mj-energy.pl\/index.php\/sunrain-bln-012tc3\/#primaryimage","url":"https:\/\/mj-energy.pl\/wp-content\/uploads\/2023\/04\/1669108081.png","contentUrl":"https:\/\/mj-energy.pl\/wp-content\/uploads\/2023\/04\/1669108081.png","width":800,"height":800},{"@type":"BreadcrumbList","@id":"https:\/\/mj-energy.pl\/index.php\/sunrain-bln-012tc3\/#breadcrumb","itemListElement":[{"@type":"ListItem","position":1,"name":"Strona g\u0142\u00f3wna","item":"https:\/\/mj-energy.pl\/"},{"@type":"ListItem","position":2,"name":"Solareast BLN-012TC3"}]},{"@type":"WebSite","@id":"https:\/\/mj-energy.pl\/#website","url":"https:\/\/mj-energy.pl\/","name":"MJ ENERGY","description":"Release your energy ","publisher":{"@id":"https:\/\/mj-energy.pl\/#organization"},"potentialAction":[{"@type":"SearchAction","target":{"@type":"EntryPoint","urlTemplate":"https:\/\/mj-energy.pl\/?s={search_term_string}"},"query-input":{"@type":"PropertyValueSpecification","valueRequired":true,"valueName":"search_term_string"}}],"inLanguage":"pl-PL"},{"@type":"Organization","@id":"https:\/\/mj-energy.pl\/#organization","name":"MJ ENERGY","url":"https:\/\/mj-energy.pl\/","logo":{"@type":"ImageObject","inLanguage":"pl-PL","@id":"https:\/\/mj-energy.pl\/#\/schema\/logo\/image\/","url":"https:\/\/mj-energy.pl\/wp-content\/uploads\/2023\/04\/cropped-MJ-Energy-logo-2-2.png","contentUrl":"https:\/\/mj-energy.pl\/wp-content\/uploads\/2023\/04\/cropped-MJ-Energy-logo-2-2.png","width":260,"height":164,"caption":"MJ ENERGY"},"image":{"@id":"https:\/\/mj-energy.pl\/#\/schema\/logo\/image\/"}}]}},"jetpack_sharing_enabled":true,"_links":{"self":[{"href":"https:\/\/mj-energy.pl\/index.php\/wp-json\/wp\/v2\/pages\/91","targetHints":{"allow":["GET"]}}],"collection":[{"href":"https:\/\/mj-energy.pl\/index.php\/wp-json\/wp\/v2\/pages"}],"about":[{"href":"https:\/\/mj-energy.pl\/index.php\/wp-json\/wp\/v2\/types\/page"}],"author":[{"embeddable":true,"href":"https:\/\/mj-energy.pl\/index.php\/wp-json\/wp\/v2\/users\/1"}],"replies":[{"embeddable":true,"href":"https:\/\/mj-energy.pl\/index.php\/wp-json\/wp\/v2\/comments?post=91"}],"version-history":[{"count":7,"href":"https:\/\/mj-energy.pl\/index.php\/wp-json\/wp\/v2\/pages\/91\/revisions"}],"predecessor-version":[{"id":223,"href":"https:\/\/mj-energy.pl\/index.php\/wp-json\/wp\/v2\/pages\/91\/revisions\/223"}],"wp:featuredmedia":[{"embeddable":true,"href":"https:\/\/mj-energy.pl\/index.php\/wp-json\/wp\/v2\/media\/30"}],"wp:attachment":[{"href":"https:\/\/mj-energy.pl\/index.php\/wp-json\/wp\/v2\/media?parent=91"}],"curies":[{"name":"wp","href":"https:\/\/api.w.org\/{rel}","templated":true}]}}